s. Let y be k(2). Let m(o) = -o**3 - 5*o**2 - 5*o + 3. What is the units digit of m(y)?
7
Let j(g) = g**2 + 2*g - 3. Let u be j(-4). Suppose -2*i - 21 = 2*w - i, -2*w = -u*i + 15. What is the units digit of w/((-1 - -5)/(-2))?
5
Suppose -3*z + 1199 = -49. Let b be z/6 + 4/6. Suppose 4*i + i + 3*j - b = 0, 0 = -i + 5*j + 14. What is the tens digit of i?
1
Suppose -4*h + 212 = -0*h. What is the units digit of h?
3
Suppose -5*f + 115 = -105. Let j(g) = -g - 4. Let k be j(-6). Suppose -2*l + f = k*l. What is the units digit of l?
1
What is the units digit of 2/(-8) + ((-1060)/16)/(-1)?
6
Let z(d) = -12*d - 3. Let o = -17 + 14. What is the units digit of z(o)?
3
Let m = 17 - -43. What is the tens digit of m?
6
Let v(p) = -p**3 + 8*p**2 + 3*p - 4. What is the tens digit of v(8)?
2
Let r(f) be the first derivative of -f**4/4 + 2*f**3 + 3*f**2 - 3*f - 1. Let y be r(7). What is the tens digit of 1 - y - (-5 - -4)?
1
Suppose -5 - 3 = -4*q. Suppose q*j = -j + 18. What is the units digit of j?
6
Let m be (-21)/9 + (-1)/(-3). Let o = 2 + m. Suppose o = -0*k + k - 9. What is the units digit of k?
9
What is the tens digit of (-9 + 65)/(2/1)?
2
What is the tens digit of (2 - (-70)/(-15))*66/(-2)?
8
Let v(p) = -p**3 - 3*p**2 + p. Let k be v(-3). Let y be (-13)/(-3) - k/(-9). Suppose -y*g + 11 = -1. What is the units digit of g?
3
Let b(f) = 6*f**2 - 6*f - 3. What is the hundreds digit of b(-4)?
1
Let i be ((-2)/1)/((-2)/11). Suppose -3*s + i = -4. What is the units digit of s?
5
Suppose 14*f = 6*f + 528. What is the tens digit of f?
6
Suppose -3*k + 5*d + 73 = 0, 0 = 4*k + 4*d - 88 - 52. What is the tens digit of k?
3
Let t(p) = -31*p. Let l be t(-2). Suppose l = 4*q - 5*n, -2*q - 14 = -3*q + 2*n. What is the units digit of q?
8
Suppose o = -o + 2. Let b be 33/3 + o - 2. Suppose -5*m + b = -5. What is the units digit of m?
3
Suppose 3*u + s - 102 = 4*s, -3*u + 97 = -4*s. Suppose 5*d = -4*h - u, -4*h = -h + 3*d + 27. Let z = h - -10. What is the units digit of z?
4
Suppose 3*v + 3*p = -p + 429, 0 = 4*p + 12. What is the units digit of v?
7
Suppose 12 = 5*l - 203. What is the units digit of l?
3
Suppose -5*x + 0*x + 120 = 0. What is the units digit of x?
4
Let y(g) = g**2 + 2*g - 5. Let v be y(5). Let l(z) = z**2 + z + 1. Let c be l(2). Suppose -v = 2*q - c*q. What is the units digit of q?
6
Suppose -41 = 3*g - 116. What is the units digit of g?
5
Let x = -4 + 7. Let s(u) = 6*u - 44. Let c be s(8). Suppose c*b + 2*y - 4 = 50, -4*y = -x*b + 13. What is the units digit of b?
1
Suppose -2*s = -3*s - 5, y - 126 = 5*s. What is the hundreds digit of y?
1
Let w be (16/10)/((-10)/(-25)). Let d(i) = i**2 - 10*i + 6. Let l be d(w). Let t = 1 - l. What is the units digit of t?
9
Let g = -44 + 72. What is the units digit of g?
8
Let m(a) = -a**2 + 8*a + 3. Let s be m(8). Let t be (-3)/(1/((-4)/3)). Let j = t - s. What is the units digit of j?
1
Suppose -12 + 39 = 3*n. Suppose -l = -n - 15. What is the units digit of l?
4
Let h(u) = u**2 + 9*u - 8. Let v be h(-12). Suppose 4*g - 2*g - v = 0. What is the units digit of g?
4
Suppose 8*c + 55 = 13*c. What is the units digit of c?
1
Let c = -43 + 67. What is the units digit of ((-32)/c)/(2/(-51))?
4
Let g = 30 - 25. Suppose -g*j + 5 = -5, 3*j = m - 38. What is the tens digit of m?
4
Suppose 5*t - 7*t + 42 = 0. What is the tens digit of t?
2
Suppose 0*a + a - 2 = 0. Suppose -3*i + 10 = 2*g - g, -a*i + g = -10. What is the units digit of i?
4
Let b(f) = -f**2 - 7*f + 11. What is the tens digit of b(-7)?
1
Let m(i) = 2*i + 1. Let s be m(1). What is the units digit of 6/(s/(-3)*-1)?
6
Let f = -77 - -119. Suppose -r = 2*i - f, 45 + 73 = 3*r + 4*i. Suppose 3*o = 2*z - 3*z + 15, 3*z = 2*o + r. What is the units digit of z?
2
Suppose 0 = 2*g - 7*g. Suppose u + u - 62 = g. Suppose u + 29 = 5*p. What is the units digit of p?
2
Suppose 5*m - 8 = -b + 16, 2*b = m + 4. Suppose 2*j - b*j - 13 = -v, 0 = v + 3*j + 7. Let p = v + -3. What is the units digit of p?
2
Let g = -12 - -30. What is the tens digit of g?
1
Suppose 6 = 3*o - 3. Let m = 3 + o. What is the units digit of m?
6
Suppose -4*c - v - 2*v = 8, -23 = -3*c + 5*v. What is the units digit of (2/4)/(c/48)?
4
Suppose -3*l - 432 = -2*w - 2*w, -l + 540 = 5*w. What is the tens digit of w?
0
Let p(h) be the third derivative of h**6/120 - 2*h**5/15 + h**4/24 + 2*h**3/3 + 2*h**2. What is the units digit of p(8)?
2
Suppose 4*l - 29 = -9. Let s = 10 - l. What is the units digit of 2/s - (-56)/10?
6
Let n = -7 - -8. Suppose -13 = -4*a + 7. Let m = a + n. What is the units digit of m?
6
Let x(y) = 2*y**3 + y**2 + 91. What is the units digit of x(0)?
1
Suppose -4*z + 0*z - 28 = 0. Let h = z + 12. Suppose -3*x + 4*b + 10 = 0, 4*x - h = 2*x + b. What is the units digit of x?
2
Let g(t) = t**2 + 4*t - 1. What is the tens digit of g(5)?
4
Let n be 12/(-3)*(-4)/4. Let g(d) = -d**2 + 3*d + 5. What is the units digit of g(n)?
1
Suppose 0 = z - 3*x - 10, 14 = 3*z - z - 3*x. Let s = 13 + z. What is the units digit of s?
7
Suppose 0*i = -i. Suppose 2*g + 0*g - 10 = i. Suppose -3*u + 2*u = -g. What is the units digit of u?
5
Suppose 3*d - 4 = 5*h, -13 = 3*h + 4*d + 1. Let j be (h/3)/(2/3). What is the units digit of (j - -3)/(-2) + 8?
7
Let d = -86 + 98. What is the units digit of d?
2
Suppose 0*l + 18 = 2*l. What is the tens digit of (-282)/(-18) - 6/l?
1
Suppose 5*s = 4*l + 20, s + l = -7 + 2. Suppose 0 = a - q - 15, 4*a + 3*q - 46 = -s*q. Suppose v = -3*m + a, m + v - 8 = -3*v. What is the units digit of m?
4
Suppose w + 65 = 5*x, 0 = -5*x + 2*w - 4 + 74. What is the tens digit of x?
1
Let l(q) = -q**3 - 10*q**2 + 9*q - 14. Suppose 0*o = m - 3*o + 2, -2*o = -5*m - 49. What is the units digit of l(m)?
8
Suppose -3*y = -y + 3*i - 33, 2*i = -y + 17. What is the units digit of y?
5
Suppose 0 = 5*j + 3*u - 52, u = 2*j + 2 - 14. Suppose 4*m = j*m - 24. What is the units digit of m?
6
Suppose 5*z + 5 = 4*z, 3*z - 841 = -4*k. What is the hundreds digit of k?
2
What is the units digit of (-2)/(-6) - (166/(-6) + -2)?
0
Suppose 0 = h - 7*h + 276. What is the tens digit of h?
4
Suppose -2*h = 3 - 5. Suppose -5*s - 11 = w + w, 3*s = -5*w + h. What is the units digit of w?
2
Suppose -2*d + 2*o = -12, -d + 0*d - 2*o = -12. What is the units digit of d?
8
Let l(h) = -9*h - 7. What is the units digit of l(-9)?
4
Let m(l) = -l**3 - 5*l**2 - 5*l - 2. Let o(p) = p**3 + 4*p**2 + 4*p + 2. Let q be o(-2). Let j be -4 + 0*(-1 + q). What is the units digit of m(j)?
2
Let s = 9 - 4. Suppose 60 = 10*n - s*n. What is the units digit of n?
2
Let p(k) = -k**2 - 3*k**3 - 3*k + 3*k. What is the units digit of p(-1)?
2
Let d be (-58*1)/(-2 + 0). Suppose -1 - d = -2*m. What is the units digit of m?
5
Suppose 5*x = -2*w + 141, 4*x = 9*x + 15. What is the units digit of w?
8
Suppose 0*j - 3*j + 15 = -4*c, 2*j - 10 = -c. Suppose -4*v + 5 + 15 = c. Suppose 2*o - v*o + 18 = 0. What is the units digit of o?
6
Suppose 4*q - d - 385 = 0, -d = -5*q + 322 + 160. What is the tens digit of q?
9
Let c(h) = -h**3 - 12*h**2 + 34*h + 21. What is the tens digit of c(-15)?
8
What is the tens digit of (-2)/(-1 - 228/(-236))?
5
Let o(r) = 13*r - 7. What is the hundreds digit of o(16)?
2
Suppose 3*a - 2*a = -5*l + 92, -2*a = 4*l - 160. What is the tens digit of a?
7
Suppose 411 = 3*m + 9. What is the tens digit of m?
3
Let v be (-2)/(4 + -2)*-2. Let u(l) = 7 - v*l - 2*l + 5*l. What is the units digit of u(-5)?
2
Let p be 0 - (3 + -1 + -4). Suppose 2*i = p*m - 52, 5*i + 7 = -3. What is the units digit of m?
4
Let s be 52*9/12*-2. What is the tens digit of s*((-1)/3 + 0)?
2
Let k(u) = 3*u + 1. Let f be k(1). Suppose -4*v - i = -19, -f*i - 3 = -3*v - i. Suppose 2*p = 5*p - 4*n - 41, -v*p = 3*n - 38. What is the units digit of p?
1
Let u = 6 - 4. Let n be 2*(u - (2 - 2)). Suppose -n*z = 2*g + 2, -8*g = -4*g + 12. What is the units digit of z?
1
Suppose x + 0*x - 42 = p, -3*p = 5*x - 202. Suppose 3 = k, k + 0*k = 4*i - x. What is the tens digit of i?
1
What is the tens digit of 41 - 1 - (3 - 2)?
3
Suppose 0*r + 10*r = 2470. What is the hundreds digit of r?
2
Let q = 211 + 11. What is the hundreds digit of q?
2
Suppose -10 = 2*a - 5*l, 37 = 7*a - 2*a + 3*l. Suppose -a*d + 29 = -6. What is the units digit of d?
7
Let x(v) = v**3 + 8*v**2 - 3*v - 12. Let j be x(